{"id":18,"date":"2024-05-01T00:01:00","date_gmt":"2024-04-30T22:01:00","guid":{"rendered":"https:\/\/www.spdgransee-fuerstenberg.de\/?page_id=18"},"modified":"2024-11-15T14:02:42","modified_gmt":"2024-11-15T13:02:42","slug":"startseite-2","status":"publish","type":"page","link":"https:\/\/www.spdgransee-fuerstenberg.de\/","title":{"rendered":"Startseite"},"content":{"rendered":"\n<p>Herzlich willkommen beim SPD-Ortsverein Gransee-F\u00fcrstenberg! <\/p>\n\n\n\n<p>Ganz im Norden Oberhavels ist unsere Heimat &#8211; auch politisch. Fernab von Berlin und Potsdam machen wir Politik mit den und f\u00fcr die Menschen vor Ort.<\/p>\n\n\n\n<p>Unser Schwerpunkt liegt bei der ehrenamtlichen Kommunalpolitik. Haben Sie dazu konkrete Fragen oder Anliegen? Unter &#8222;Unsere Kommunalpolitiker*innen&#8220; finden Sie die richtigen Ansprechpartner*innen.<\/p>\n\n\n\n<p>Aktuelle Beitr\u00e4ge zu Veranstaltungen, Beschl\u00fcssen unserer Kommunalparlamente und politischen Themen stellen wir Ihnen unter &#8222;Politisches&#8220; zur Verf\u00fcgung. Und unter &#8222;Regionales&#8220; wollen wir Ihnen die Sch\u00f6nheit unserer Heimat etwas n\u00e4herbringen. <\/p>\n\n\n<ul class=\"wp-block-latest-posts__list wp-block-latest-posts\"><li><a class=\"wp-block-latest-posts__post-title\" href=\"https:\/\/www.spdgransee-fuerstenberg.de\/?p=760\">Dietmar Woidke kommt nach Gransee<\/a><\/li>\n<li><a class=\"wp-block-latest-posts__post-title\" href=\"https:\/\/www.spdgransee-fuerstenberg.de\/?p=727\">Stichwahl zur B\u00fcrgermeisterwahl am 30. Juni 2024<\/a><\/li>\n<li><a class=\"wp-block-latest-posts__post-title\" href=\"https:\/\/www.spdgransee-fuerstenberg.de\/?p=681\">B\u00fcrgerdialog: Gransee &#8211; Leben im Alltag und im Alter<\/a><\/li>\n<li><a class=\"wp-block-latest-posts__post-title\" href=\"https:\/\/www.spdgransee-fuerstenberg.de\/?p=604\">Am 9. Juni Kommunalwahl<\/a><\/li>\n<li><a class=\"wp-block-latest-posts__post-title\" href=\"https:\/\/www.spdgransee-fuerstenberg.de\/?p=584\">Erneuerung des Rundwegs um den kleinen Wentowsee<\/a><\/li>\n<\/ul>\n\n\n<h2 class=\"wp-block-heading has-text-align-center\"><\/h2>\n","protected":false},"excerpt":{"rendered":"<p>Herzlich willkommen beim SPD-Ortsverein Gransee-F\u00fcrstenberg! Ganz im Norden Oberhavels ist unsere Heimat &#8211; auch politisch. Fernab von Berlin und Potsdam machen wir Politik mit den und f\u00fcr die Menschen vor Ort. Unser Schwerpunkt liegt bei der ehrenamtlichen Kommunalpolitik. Haben Sie dazu konkrete Fragen oder Anliegen? Unter &#8222;Unsere Kommunalpolitiker*innen&#8220; finden Sie die richtigen Ansprechpartner*innen. Aktuelle Beitr\u00e4ge zu Veranstaltungen, Beschl\u00fcssen unserer Kommunalparlamente und politischen Themen stellen wir Ihnen unter &#8222;Politisches&#8220; zur Verf\u00fcgung. Und unter &#8222;Regionales&#8220; wollen wir Ihnen die Sch\u00f6nheit unserer Heimat&#8230;<\/p>\n<p class=\"read-more\"><a class=\"btn btn-default\" href=\"https:\/\/www.spdgransee-fuerstenberg.de\/\">Weiterlesen<span class=\"screen-reader-text\"> Weiterlesen<\/span><\/a><\/p>\n","protected":false},"author":1,"featured_media":0,"parent":0,"menu_order":0,"comment_status":"closed","ping_status":"closed","template":"","meta":{"footnotes":""},"class_list":["post-18","page","type-page","status-publish","hentry"],"yoast_head":"<!-- This site is optimized with the Yoast SEO plugin v27.5 - https:\/\/yoast.com\/product\/yoast-seo-wordpress\/ -->\n<title>Startseite -<\/title>\n<meta name=\"robots\" content=\"index, follow, max-snippet:-1, max-image-preview:large, max-video-preview:-1\" \/>\n<link rel=\"canonical\" href=\"https:\/\/www.spdgransee-fuerstenberg.de\/\" \/>\n<meta property=\"og:locale\" content=\"de_DE\" \/>\n<meta property=\"og:type\" content=\"article\" \/>\n<meta property=\"og:title\" content=\"Startseite -\" \/>\n<meta property=\"og:description\" content=\"Herzlich willkommen beim SPD-Ortsverein Gransee-F\u00fcrstenberg! Ganz im Norden Oberhavels ist unsere Heimat &#8211; auch politisch. Fernab von Berlin und Potsdam machen wir Politik mit den und f\u00fcr die Menschen vor Ort. Unser Schwerpunkt liegt bei der ehrenamtlichen Kommunalpolitik. Haben Sie dazu konkrete Fragen oder Anliegen? Unter &#8222;Unsere Kommunalpolitiker*innen&#8220; finden Sie die richtigen Ansprechpartner*innen. Aktuelle Beitr\u00e4ge zu Veranstaltungen, Beschl\u00fcssen unserer Kommunalparlamente und politischen Themen stellen wir Ihnen unter &#8222;Politisches&#8220; zur Verf\u00fcgung. Und unter &#8222;Regionales&#8220; wollen wir Ihnen die Sch\u00f6nheit unserer Heimat...Weiterlesen Weiterlesen\" \/>\n<meta property=\"og:url\" content=\"https:\/\/www.spdgransee-fuerstenberg.de\/\" \/>\n<meta property=\"article:modified_time\" content=\"2024-11-15T13:02:42+00:00\" \/>\n<meta name=\"twitter:card\" content=\"summary_large_image\" \/>\n<meta name=\"twitter:label1\" content=\"Gesch\u00e4tzte Lesezeit\" \/>\n\t<meta name=\"twitter:data1\" content=\"1\u00a0Minute\" \/>\n<script type=\"application\/ld+json\" class=\"yoast-schema-graph\">{\"@context\":\"https:\\\/\\\/schema.org\",\"@graph\":[{\"@type\":\"WebPage\",\"@id\":\"https:\\\/\\\/www.spdgransee-fuerstenberg.de\\\/\",\"url\":\"https:\\\/\\\/www.spdgransee-fuerstenberg.de\\\/\",\"name\":\"Startseite -\",\"isPartOf\":{\"@id\":\"https:\\\/\\\/www.spdgransee-fuerstenberg.de\\\/#website\"},\"datePublished\":\"2024-04-30T22:01:00+00:00\",\"dateModified\":\"2024-11-15T13:02:42+00:00\",\"breadcrumb\":{\"@id\":\"https:\\\/\\\/www.spdgransee-fuerstenberg.de\\\/#breadcrumb\"},\"inLanguage\":\"de\",\"potentialAction\":[{\"@type\":\"ReadAction\",\"target\":[\"https:\\\/\\\/www.spdgransee-fuerstenberg.de\\\/\"]}]},{\"@type\":\"BreadcrumbList\",\"@id\":\"https:\\\/\\\/www.spdgransee-fuerstenberg.de\\\/#breadcrumb\",\"itemListElement\":[{\"@type\":\"ListItem\",\"position\":1,\"name\":\"Startseite\",\"item\":\"https:\\\/\\\/www.spdgransee-fuerstenberg.de\\\/\"},{\"@type\":\"ListItem\",\"position\":2,\"name\":\"Startseite\"}]},{\"@type\":\"WebSite\",\"@id\":\"https:\\\/\\\/www.spdgransee-fuerstenberg.de\\\/#website\",\"url\":\"https:\\\/\\\/www.spdgransee-fuerstenberg.de\\\/\",\"name\":\"\",\"description\":\"\",\"potentialAction\":[{\"@type\":\"SearchAction\",\"target\":{\"@type\":\"EntryPoint\",\"urlTemplate\":\"https:\\\/\\\/www.spdgransee-fuerstenberg.de\\\/?s={search_term_string}\"},\"query-input\":{\"@type\":\"PropertyValueSpecification\",\"valueRequired\":true,\"valueName\":\"search_term_string\"}}],\"inLanguage\":\"de\"}]}<\/script>\n<!-- \/ Yoast SEO plugin. -->","yoast_head_json":{"title":"Startseite -","robots":{"index":"index","follow":"follow","max-snippet":"max-snippet:-1","max-image-preview":"max-image-preview:large","max-video-preview":"max-video-preview:-1"},"canonical":"https:\/\/www.spdgransee-fuerstenberg.de\/","og_locale":"de_DE","og_type":"article","og_title":"Startseite -","og_description":"Herzlich willkommen beim SPD-Ortsverein Gransee-F\u00fcrstenberg! Ganz im Norden Oberhavels ist unsere Heimat &#8211; auch politisch. Fernab von Berlin und Potsdam machen wir Politik mit den und f\u00fcr die Menschen vor Ort. Unser Schwerpunkt liegt bei der ehrenamtlichen Kommunalpolitik. Haben Sie dazu konkrete Fragen oder Anliegen? Unter &#8222;Unsere Kommunalpolitiker*innen&#8220; finden Sie die richtigen Ansprechpartner*innen. Aktuelle Beitr\u00e4ge zu Veranstaltungen, Beschl\u00fcssen unserer Kommunalparlamente und politischen Themen stellen wir Ihnen unter &#8222;Politisches&#8220; zur Verf\u00fcgung. Und unter &#8222;Regionales&#8220; wollen wir Ihnen die Sch\u00f6nheit unserer Heimat...Weiterlesen Weiterlesen","og_url":"https:\/\/www.spdgransee-fuerstenberg.de\/","article_modified_time":"2024-11-15T13:02:42+00:00","twitter_card":"summary_large_image","twitter_misc":{"Gesch\u00e4tzte Lesezeit":"1\u00a0Minute"},"schema":{"@context":"https:\/\/schema.org","@graph":[{"@type":"WebPage","@id":"https:\/\/www.spdgransee-fuerstenberg.de\/","url":"https:\/\/www.spdgransee-fuerstenberg.de\/","name":"Startseite -","isPartOf":{"@id":"https:\/\/www.spdgransee-fuerstenberg.de\/#website"},"datePublished":"2024-04-30T22:01:00+00:00","dateModified":"2024-11-15T13:02:42+00:00","breadcrumb":{"@id":"https:\/\/www.spdgransee-fuerstenberg.de\/#breadcrumb"},"inLanguage":"de","potentialAction":[{"@type":"ReadAction","target":["https:\/\/www.spdgransee-fuerstenberg.de\/"]}]},{"@type":"BreadcrumbList","@id":"https:\/\/www.spdgransee-fuerstenberg.de\/#breadcrumb","itemListElement":[{"@type":"ListItem","position":1,"name":"Startseite","item":"https:\/\/www.spdgransee-fuerstenberg.de\/"},{"@type":"ListItem","position":2,"name":"Startseite"}]},{"@type":"WebSite","@id":"https:\/\/www.spdgransee-fuerstenberg.de\/#website","url":"https:\/\/www.spdgransee-fuerstenberg.de\/","name":"","description":"","potentialAction":[{"@type":"SearchAction","target":{"@type":"EntryPoint","urlTemplate":"https:\/\/www.spdgransee-fuerstenberg.de\/?s={search_term_string}"},"query-input":{"@type":"PropertyValueSpecification","valueRequired":true,"valueName":"search_term_string"}}],"inLanguage":"de"}]}},"jetpack_sharing_enabled":true,"_links":{"self":[{"href":"https:\/\/www.spdgransee-fuerstenberg.de\/index.php?rest_route=\/wp\/v2\/pages\/18","targetHints":{"allow":["GET"]}}],"collection":[{"href":"https:\/\/www.spdgransee-fuerstenberg.de\/index.php?rest_route=\/wp\/v2\/pages"}],"about":[{"href":"https:\/\/www.spdgransee-fuerstenberg.de\/index.php?rest_route=\/wp\/v2\/types\/page"}],"author":[{"embeddable":true,"href":"https:\/\/www.spdgransee-fuerstenberg.de\/index.php?rest_route=\/wp\/v2\/users\/1"}],"replies":[{"embeddable":true,"href":"https:\/\/www.spdgransee-fuerstenberg.de\/index.php?rest_route=%2Fwp%2Fv2%2Fcomments&post=18"}],"version-history":[{"count":19,"href":"https:\/\/www.spdgransee-fuerstenberg.de\/index.php?rest_route=\/wp\/v2\/pages\/18\/revisions"}],"predecessor-version":[{"id":870,"href":"https:\/\/www.spdgransee-fuerstenberg.de\/index.php?rest_route=\/wp\/v2\/pages\/18\/revisions\/870"}],"wp:attachment":[{"href":"https:\/\/www.spdgransee-fuerstenberg.de\/index.php?rest_route=%2Fwp%2Fv2%2Fmedia&parent=18"}],"curies":[{"name":"wp","href":"https:\/\/api.w.org\/{rel}","templated":true}]}}

<p>Herzlich willkommen beim SPD-Ortsverein Gransee-Fürstenberg! </p>



<p>Ganz im Norden Oberhavels ist unsere Heimat &#8211; auch politisch. Fernab von Berlin und Potsdam machen wir Politik mit den und für die Menschen vor Ort.</p>



<p>Unser Schwerpunkt liegt bei der ehrenamtlichen Kommunalpolitik. Haben Sie dazu konkrete Fragen oder Anliegen? Unter &#8222;Unsere Kommunalpolitiker*innen&#8220; finden Sie die richtigen Ansprechpartner*innen.</p>



<p>Aktuelle Beiträge zu Veranstaltungen, Beschlüssen unserer Kommunalparlamente und politischen Themen stellen wir Ihnen unter &#8222;Politisches&#8220; zur Verfügung. Und unter &#8222;Regionales&#8220; wollen wir Ihnen die Schönheit unserer Heimat etwas näherbringen. </p>


<ul class="wp-block-latest-posts__list wp-block-latest-posts"><li><a class="wp-block-latest-posts__post-title" href="https://www.spdgransee-fuerstenberg.de/?p=760">Dietmar Woidke kommt nach Gransee</a></li>
<li><a class="wp-block-latest-posts__post-title" href="https://www.spdgransee-fuerstenberg.de/?p=727">Stichwahl zur Bürgermeisterwahl am 30. Juni 2024</a></li>
<li><a class="wp-block-latest-posts__post-title" href="https://www.spdgransee-fuerstenberg.de/?p=681">Bürgerdialog: Gransee &#8211; Leben im Alltag und im Alter</a></li>
<li><a class="wp-block-latest-posts__post-title" href="https://www.spdgransee-fuerstenberg.de/?p=604">Am 9. Juni Kommunalwahl</a></li>
<li><a class="wp-block-latest-posts__post-title" href="https://www.spdgransee-fuerstenberg.de/?p=584">Erneuerung des Rundwegs um den kleinen Wentowsee</a></li>
</ul>


<h2 class="wp-block-heading has-text-align-center"></h2>

<p>Herzlich willkommen beim SPD-Ortsverein Gransee-Fürstenberg! Ganz im Norden Oberhavels ist unsere Heimat &#8211; auch politisch. Fernab von Berlin und Potsdam machen wir Politik mit den und für die Menschen vor Ort. Unser Schwerpunkt liegt bei der ehrenamtlichen Kommunalpolitik. Haben Sie dazu konkrete Fragen oder Anliegen? Unter &#8222;Unsere Kommunalpolitiker*innen&#8220; finden Sie die richtigen Ansprechpartner*innen. Aktuelle Beiträge zu Veranstaltungen, Beschlüssen unserer Kommunalparlamente und politischen Themen stellen wir Ihnen unter &#8222;Politisches&#8220; zur Verfügung. Und unter &#8222;Regionales&#8220; wollen wir Ihnen die Schönheit unserer Heimat&#8230;</p>
<p class="read-more"><a class="btn btn-default" href="https://www.spdgransee-fuerstenberg.de/">Weiterlesen<span class="screen-reader-text"> Weiterlesen</span></a></p>

<!-- This site is optimized with the Yoast SEO plugin v27.5 - https://yoast.com/product/yoast-seo-wordpress/ -->
<title>Startseite -</title>
<meta name="robots" content="index, follow, max-snippet:-1, max-image-preview:large, max-video-preview:-1" />
<link rel="canonical" href="https://www.spdgransee-fuerstenberg.de/" />
<meta property="og:locale" content="de_DE" />
<meta property="og:type" content="article" />
<meta property="og:title" content="Startseite -" />
<meta property="og:description" content="Herzlich willkommen beim SPD-Ortsverein Gransee-Fürstenberg! Ganz im Norden Oberhavels ist unsere Heimat &#8211; auch politisch. Fernab von Berlin und Potsdam machen wir Politik mit den und für die Menschen vor Ort. Unser Schwerpunkt liegt bei der ehrenamtlichen Kommunalpolitik. Haben Sie dazu konkrete Fragen oder Anliegen? Unter &#8222;Unsere Kommunalpolitiker*innen&#8220; finden Sie die richtigen Ansprechpartner*innen. Aktuelle Beiträge zu Veranstaltungen, Beschlüssen unserer Kommunalparlamente und politischen Themen stellen wir Ihnen unter &#8222;Politisches&#8220; zur Verfügung. Und unter &#8222;Regionales&#8220; wollen wir Ihnen die Schönheit unserer Heimat...Weiterlesen Weiterlesen" />
<meta property="og:url" content="https://www.spdgransee-fuerstenberg.de/" />
<meta property="article:modified_time" content="2024-11-15T13:02:42+00:00" />
<meta name="twitter:card" content="summary_large_image" />
<meta name="twitter:label1" content="Geschätzte Lesezeit" />
	<meta name="twitter:data1" content="1 Minute" />
<script type="application/ld+json" class="yoast-schema-graph">{"@context":"https:\/\/schema.org","@graph":[{"@type":"WebPage","@id":"https:\/\/www.spdgransee-fuerstenberg.de\/","url":"https:\/\/www.spdgransee-fuerstenberg.de\/","name":"Startseite -","isPartOf":{"@id":"https:\/\/www.spdgransee-fuerstenberg.de\/#website"},"datePublished":"2024-04-30T22:01:00+00:00","dateModified":"2024-11-15T13:02:42+00:00","breadcrumb":{"@id":"https:\/\/www.spdgransee-fuerstenberg.de\/#breadcrumb"},"inLanguage":"de","potentialAction":[{"@type":"ReadAction","target":["https:\/\/www.spdgransee-fuerstenberg.de\/"]}]},{"@type":"BreadcrumbList","@id":"https:\/\/www.spdgransee-fuerstenberg.de\/#breadcrumb","itemListElement":[{"@type":"ListItem","position":1,"name":"Startseite","item":"https:\/\/www.spdgransee-fuerstenberg.de\/"},{"@type":"ListItem","position":2,"name":"Startseite"}]},{"@type":"WebSite","@id":"https:\/\/www.spdgransee-fuerstenberg.de\/#website","url":"https:\/\/www.spdgransee-fuerstenberg.de\/","name":"","description":"","potentialAction":[{"@type":"SearchAction","target":{"@type":"EntryPoint","urlTemplate":"https:\/\/www.spdgransee-fuerstenberg.de\/?s={search_term_string}"},"query-input":{"@type":"PropertyValueSpecification","valueRequired":true,"valueName":"search_term_string"}}],"inLanguage":"de"}]}</script>
<!-- / Yoast SEO plugin. -->

Herzlich willkommen beim SPD-Ortsverein Gransee-Fürstenberg! Ganz im Norden Oberhavels ist unsere Heimat &#8211; auch politisch. Fernab von Berlin und Potsdam machen wir Politik mit den und für die Menschen vor Ort. Unser Schwerpunkt liegt bei der ehrenamtlichen Kommunalpolitik. Haben Sie dazu konkrete Fragen oder Anliegen? Unter &#8222;Unsere Kommunalpolitiker*innen&#8220; finden Sie die richtigen Ansprechpartner*innen. Aktuelle Beiträge zu Veranstaltungen, Beschlüssen unserer Kommunalparlamente und politischen Themen stellen wir Ihnen unter &#8222;Politisches&#8220; zur Verfügung. Und unter &#8222;Regionales&#8220; wollen wir Ihnen die Schönheit unserer Heimat...Weiterlesen Weiterlesen
